is 2774 + -47?
272b
In base 7, what is 41142 - -54?
41226
In base 5, what is -334242132 - 2?
-334242134
In base 10, what is 1348 - 25?
1323
In base 11, what is 22a6 + 7?
2302
In base 2, what is -1001000010011011110 + 101?
-1001000010011011001
In base 3, what is 1221 - -10221221?
11000212
In base 15, what is -5 - -1d61d?
1d618
In base 8, what is 6 - -662610?
662616
In base 14, what is -51a18 - -1?
-51a17
In base 3, what is 2200202211 - -11?
2200202222
In base 11, what is 176085 - -7?
176091
In base 9, what is 1 - 204760?
-204758
In base 12, what is -2174 + -b2?
-2266
In base 4, what is 2130 - -3012013?
3020203
In base 7, what is 4626 - -11?
4640
In base 11, what is 3 + -88a98?
-88a95
In base 2, what is -101 + 100010111010?
100010110101
In base 16, what is ff - -83?
182
In base 9, what is 1263 + 111?
1374
In base 10, what is -3 - -33937?
33934
In base 15, what is 170a7 - -6?
170ad
In base 11, what is -4 - 3451?
-3455
In base 5, what is 120013 - -13?
120031
In base 5, what is 22021232 + 10?
22021242
In base 14, what is c386b + 3?
c3870
In base 14, what is -437 + -400?
-837
In base 5, what is 132 - -2123?
2310
In base 10, what is -2746 - 2203?
-4949
In base 4, what is -2033332 + -120?
-2100112
In base 4, what is -1003100 + -21012?
-1030112
In base 9, what is 55 + 236?
302
In base 13, what is -202 + 13a?
-95
In base 6, what is -104110104 - 4?
-104110112
In base 13, what is 2 - 18c?
-18a
In base 12, what is 4 + -2145?
-2141
In base 13, what is 13 - 62700?
-626ba
In base 3, what is 1001020021 - -111?
1001020202
In base 13, what is -97b2 + -1?
-97b3
In base 9, what is -4 + 686170?
686165
In base 14, what is -1 - -20872c?
20872b
In base 9, what is 174122 - -1?
174123
In base 9, what is -12 - 5571?
-5583
In base 9, what is -1 - -660657?
660656
In base 14, what is 9bdb2 - -4?
9bdb6
In base 9, what is 231152 + -4?
231147
In base 14, what is -4 - 6965?
-6969
In base 8, what is 0 + -124747?
-124747
In base 9, what is -4 + 18035?
18031
In base 7, what is -21 + -2143?
-2164
In base 9, what is 50302 + 14?
50316
In base 2, what is -10100010 + -1011001000011?
-1011011100101
In base 14, what is 2 + -36dd6?
-36dd4
In base 3, what is -22001112 + 1011?
-22000101
In base 9, what is 23183 - 0?
23183
In base 15, what is 6 + 16d1?
16d7
In base 3, what is 0 + -221112011?
-221112011
In base 6, what is -5 - -10430?
10421
In base 7, what is -1350 + -43651?
-45331
In base 7, what is -1330422 + 1?
-1330421
In base 10, what is -5 + -7109?
-7114
In base 15, what is -718 + -39?
-752
In base 15, what is -811 - 5?
-816
In base 8, what is -1 - -160077?
160076
In base 12, what is 176 + 561?
717
In base 6, what is -3414123 - -32?
-3414051
In base 14, what is -4 - -c1d?
c19
In base 12, what is 1a + 7a44?
7a62
In base 14, what is 134 - 63b?
-507
In base 10, what is -165493 - 3?
-165496
In base 4, what is -21020 - 102?
-21122
In base 4, what is 1030310 - -310?
1031220
In base 7, what is 22335 + -144?
22161
In base 6, what is -4 - 3004542?
-3004550
In base 13, what is -5 - -33aa2?
33a9a
In base 11, what is -19 - 125881?
-12589a
In base 11, what is -1 + 7a837?
7a836
In base 8, what is 2 - -164451?
164453
In base 5, what is 1221 - -11221?
12442
In base 2, what is -10001101001 - 100?
-10001101101
In base 9, what is 14 + -14181?
-14166
In base 10, what is 7 + 35384?
35391
In base 7, what is 3 + 145202?
145205
In base 9, what is -7 - 1615?
-1623
In base 4, what is 3330130112 + 3?
3330130121
In base 4, what is 2 - -102213201?
102213203
In base 9, what is -244 - -116?
-127
In base 15, what is -7a - 131a?
-1395
In base 14, what is -2512d + 5?
-25128
In base 3, what is 1200101202202 - -10?
1200101202212
In base 14, what is 863 - -a?
86d
In base 6, what is 4132540 + 4?
4132544
In base 11, what is -1857 + -37?
-1893
In base 4, what is -11 - -33022102?
33022031
In base 16, what is 1c72 + 0?
1c72
In base 10, what is -1161009 + -1?
-1161010
In base 15, what is 16d4c2 - 2?
16d4c0
In base 2, what is -10111101 + 11100?
-10100001
In base 9, what is -5 - 22081?
-22086
In base 10, what is -2 - 23070?
-23072
In base 12, what is -aa + 231?
143
In base 12, what is -2 + -402b?
-4031
In base 10, what is -2348 - 160?
-2508
In base 4, what is 101213 - 2013?
33200
In base 12, what is -19a - 0?
-19a
In base 2, what is -1001 + 11100111111111?
11100111110110
In base 9, what is -3 - 68880?
-68883
In base 14, what is -18 - -77?
5d
In base 9, what is 8383 - 4?
8378
In base 9, what is -164401 - 15?
-164416
In base 4, what is -13321 - -3031?
-10230
In base 15, what is -2 + -2dda4?
-2dda6
In base 12, what is -118a + 158?
-1032
In base 9, what is 46 + 2371?
2427
In base 15, what is -434 + -b?
-440
In base 5, what is -1334411 - -12?
-1334344
In base 12, what is 58a - -38?
606
In base 16, what is -63 - -6d8?
675
In base 3, what is -100 + 112100221200?
112100221100
In base 16, what is -1f2d + -10?
-1f3d
In base 3, what is 2220210 - 122?
2220011
In base 13, what is -2ca + -569?
-866
In base 3, what is -2 + -1122222?
-1200001
In base 14, what is -52d + d0?
-43d
In base 13, what is 1b6ab1 + -5?
1b6aa9
In base 5, what is 34330311 - 2?
34330304
In base 15, what is 72 + -87c?
-80a
In base 10, what is 1819 + -206?
1613
In base 14, what is 2d13c + 0?
2d13c
In base 3, what is 20 - -101202002?
101202022
In base 15, what is -9d - 38?
-d6
In base 8, what is -123316 + 1?
-123315
In base 4, what is 2101 - 22?
2013
In base 14, what is -1c3b - -81?
-1b9a
In base 10, what is 58 - -17?
75
In base 15, what is 1 + -1c6b?
-1c6a
In base 13, what is 3 + -a8c?
-a89
In base 3, what is -20 + 101001221?
101001201
In base 7, what is -1404 - 66?
-1503
In base 2, what is -1010100010011 - 100110?
-1010100111001
In base 16, what is -e6d - 20c?
-1079
In base 15, what is 3 - 3b0c?
-3b09
In base 11, what is -4 - 930120?
-930124
In base 7, what is -21 - 12523?
-12544
In base 16, what is 1 - 2d0?
-2cf
In base 16, what is 12 - 11856?
-11844
In base 12, what is 312 - 1123?
-a11
In base 14, what is 10d515 - -1?
10d516
In base 12, what is 15439 + 11?
1544a
In base 14, what is 322 + -a2?
260
In base 13, what is -17843a + -a?
-178447
In base 8, what is -501 + 3610?
3107
In base 2, what is 101 - 100100011000010011100?
-100100011000010010111
In base 14, what is -1 - 17ab?
-17ac
In base 4, what is 2130 + -12023?
-3233
In base 14, what is 0 + cc37?
cc37
In base 8, what is 421 + -1200?
-557
In base 4, what is 10 + 2103232?
2103302
In base 3, what is 11222022 - 1110?
11220212
In base 16, what is 265 + -92?
1d3
In base 8, what is -5 + -450651?
-450656
In base 5, what is -4131 - -13414?
4233
In base 4, what is -13 + 3011020?
3011001
In base 10, what is 259445 + -5?
259440
In base 5, what is -13 + 42442?
42424
In base 8, what is -13721 + -130?
-14051
In base 16, what is -a9f1c - -2?
-a9f1a
In base 11, what is 673 - 117?
557
In base 16, what is 2c2 - -b0?
372
In base 6, what is -105 - -32024?
31515
In base 13, what is -41147 + -4?
-4114b
In base 14, what is -10d - -8bb?
7ac
In base 8, what is -404 + -73?
-477
In base 15, what is -4d61 - -d?
-4d53
In base 11, what is -28a22 + -4?
-28a26
In base 3, what is 110011 + 102112?
212200
In base 3, what is 220101011 + -1012?
220022222
In base 2, what is 11 - -10100110101101?
10100110110000
In base 13, what is -378b - -4?
-3787
In base 7, what is -1 + 42611?
42610
In base 10, what is -4411 + 24?
-4387
In base 3, what is 220211002 - -22202?
221010211
In base 7, what is -4 - -444133?
444126
In base 5, what is -10143 - -21?
-10122
In base 12, what is -87 - 40?
-107
In base 15, what is -1a + 523?
508
In base 15, what is -29 - 3441?
-346a
In base 9, what is 5 + -487284?
-487278
In base 11, what is 126410 - 4?
126407
In base 12, what is -6a7 - -16?
-691
In base 3, what is -21 + 202000202?
202000111
In base 10, what is -50919 - 12?
-50931
In base 12, what is 2 - 180834?
-180832
In base 7, what is -63306 - 543?
-64152
In base 14, what is -40291 + 4?
-4028b
In base 2, what is 101000000000111 - -111101?
101000001000100
In base 7, what is -45066320 - -1?
-45066316
In base 6, what is 2 - 55143?
-55141
In base 8, what is -5 + 510132?
510125
In base 9, what is 481647 - -12?
481660
In base 3, what is 1012 + 1210201?
1211220
In base 10, what is -1467974 + 4?
-1467970
In base 4, what is 2 - -3110311?
3110313
In base 13, what is 6 - -4640?
4646
In base 